ctor of n and 10.
5
Let h = 60 + -34. Calculate the greatest common factor of h and 65.
13
Let f(c) = -c**2 + 4. Let o(g) = -g - 12. Let y be o(-12). Let k be f(y). What is the greatest common factor of 12 and k?
4
Suppose -19 - 1 = 2*l. Let f be (-6)/15 - 54/l. Calculate the highest common divisor of 5 and f.
5
Let j be 1*-1*(-15 - -2). Calculate the highest common factor of 117 and j.
13
Suppose -4*v + 1 = -3*v - y, 3*y + 9 = -3*v. Let t be (v + 0 - 2)*-1. Let p be -2 + ((-10)/(-65) - (-180)/13). Calculate the greatest common factor of t and p.
3
Suppose k = 47 + 2. Let i(h) = h**3 + h + 7. Let l be i(0). What is the greatest common factor of l and k?
7
Let d(u) = 2*u**2 + u - 4. Let c be d(2). Let y = 10 + -6. Calculate the greatest common factor of y and c.
2
Suppose 0*r = 21*r - 336. Calculate the greatest common divisor of r and 16.
16
Let l(i) = 2*i**2 - i - 19. Let p be l(4). Let f = 5 - 10. Let z(x) = -2*x**3 - 7*x**2 - 5*x - 1. Let m be z(f). What is the greatest common factor of m and p?
9
Suppose 0 = 5*q + 20, 2*l - 12 = -2*l - q. Suppose -l*i + 79 = 15. Calculate the greatest common factor of 8 and i.
8
Let u(y) = 2*y**2 - y + 1. Let g be u(-5). Suppose 3*p - g = -p. Suppose -2*r + 21 = r. Calculate the highest common factor of r and p.
7
Let o be (-9)/6 - (-1030)/20. What is the greatest common factor of o and 10?
10
Let q(j) = j - 11. Let c(x) = 1. Let i(t) = -3*c(t) - q(t). Let m be i(3). What is the greatest common factor of 45 and m?
5
Let n(q) = -q + 5. Let s be n(5). Suppose -5*u = -5*p - 5, 3*p + s*u + 5 = 4*u. What is the highest common factor of 6 and p?
1
Let q = -6 + 12. Let t be 10/q + (-6)/9. Suppose m - 14 = t. Calculate the greatest common factor of m and 5.
5
Let p = -5 - -10. Suppose 2*k - 38 = -2*w, -4*k + 9*k - p*w = 45. Calculate the highest common factor of k and 126.
14
Suppose -o + 0 = -15. Suppose 4*v = 2*v + 120. Calculate the highest common factor of o and v.
15
Let k = 97 - 41. Calculate the greatest common factor of 28 and k.
28
Let h(a) = a**2 - 9. Let v = 10 + -14. Let k be h(v). Calculate the highest common factor of k and 49.
7
Let q(h) = 10*h**2 + h. Let d be q(-1). Suppose -1 = -2*k + 7. Let n(o) = o**2 - 4*o + 1. Let y be n(k). Calculate the highest common factor of d and y.
1
Let d(s) = s**3 + s**2 + s + 4. Let u be d(0). What is the highest common divisor of u and 20?
4
Let a be (-70)/(-6) + 2 - 2/3. Calculate the highest common factor of 13 and a.
13
Let m(c) = -c**3 + 11*c**2 - 8*c - 8. Let n be m(10). Let i = n + -5. What is the highest common factor of i and 21?
7
Let f = -37 - -124. Suppose 0*s = 3*s - f. Let d = 59 - s. Calculate the highest common divisor of d and 15.
15
Suppose -5*o - 3*z = -101, 2*o - 4*z + 18 - 74 = 0. What is the greatest common factor of 242 and o?
22
Suppose -3*t = -4 - 11. Suppose 0 = -t*q + 50 + 150. Suppose 7*s - 2*s = -2*l + 290, 4*l - q = -s. Calculate the greatest common factor of s and 24.
12
Let a(n) = n**2 - 2*n + 20. Let u be a(-4). Calculate the highest common divisor of u and 55.
11
Let b(v) = -v**2 - 4*v - 9. Let j be b(-6). Let a = -13 - j. Let p = 49 - 29. Calculate the greatest common divisor of a and p.
4
Suppose 0 = 2*x + 6 - 30. Let t(q) = -3*q - 6. Let h be t(-5). Let p be (1*2)/(3/h). What is the highest common divisor of p and x?
6
Let a be (60/8)/3*6. Calculate the highest common factor of a and 135.
15
Suppose 32 = -w + 74. Suppose 3*u - 2*u = 6. What is the highest common factor of u and w?
6
Let n be 2/5 - 22/5. Let d be 264/n*4/(-3). Let o be (-10 + -1)*(-3 - -2). Calculate the greatest common factor of d and o.
11
Let g(o) = 2*o - o - 2*o + 4. Let b be g(4). Suppose -4*i + u = -43, -31 = -4*i - b*u - 3*u. Calculate the highest common factor of i and 25.
5
Let o be (46/(-8))/((-4)/16). Calculate the greatest common factor of o and 69.
23
Let n(i) = -84*i - 77. Let j(k) = -k - 1. Let c(g) = -154*j(g) + 2*n(g). Let z be c(-2). Let h = z + -14. Calculate the greatest common divisor of 56 and h.
14
Let i = 8 + -4. Calculate the highest common factor of 8 and i.
4
Suppose 0 = 5*n + b - 11 - 10, -5*n = 2*b - 17. What is the greatest common factor of n and 1?
1
Let o = 153 - 39. What is the highest common factor of o and 19?
19
Let h be 11/((-1)/(-3)*3). Suppose -3*m + 9 = 0, 2*m - 171 = -5*l - 0*m. Calculate the highest common factor of h and l.
11
Suppose 0 = 4*k - 982 - 242. What is the highest common factor of k and 34?
34
Suppose 0 = -x - 9 - 351. Let j = -30 - x. What is the highest common factor of 30 and j?
30
Let z = 4 + -30. Let j be ((-80)/8)/(4/z). Calculate the highest common factor of 26 and j.
13
Let l(n) = n**3 + 4*n**2 + 3*n + 4. Suppose -4 = 2*a + 2. Let r be l(a). Let p be (-6)/r*4/(-3). Calculate the highest common divisor of 1 and p.
1
Let p be (-26)/(-10) + 18/45. Calculate the greatest common factor of 15 and p.
3
Let g = -8 - -20. Let a = 28 - 4. Let w = a - -108. What is the highest common divisor of w and g?
12
Suppose -5*m = 2*o + 2*o - 32, 5*o - 61 = -m. What is the greatest common factor of 91 and o?
13
Let z(t) = -t**2 + 11*t + 3. Let l(u) = u**3 + 4*u**2 - 3*u - 3. Let x be l(-4). Let m be z(x). What is the highest common factor of m and 14?
7
Let f(k) = k + 5. Let n be f(-5). Let r be ((-57)/12 - n)*-4. Suppose 0*u + r = u. What is the greatest common divisor of 171 and u?
19
Let f = 89 - 64. Let u be ((-1)/(-1))/(5/10). Suppose 5*a + 0*z - 3*z = 1015, -2*a - u*z = -390. Calculate the greatest common divisor of a and f.
25
Let m be 12015/105 + (-3)/7. Let p(b) = 2*b**2 + 2*b - 3. Let c be p(-5). Suppose m = s + c. What is the greatest common factor of 11 and s?
11
Let v(d) = d**2 + 8*d + 9. Let f be v(-7). What is the highest common divisor of 8 and f?
2
Let j be 2*3*-1*-2. Suppose 3*q = j + 3. Let h = 12 - q. Calculate the greatest common divisor of h and 77.
7
Let g be ((-100)/(-8))/(1/4). Calculate the greatest common divisor of 20 and g.
10
Let h(v) = 15*v**3 - v**2 - v + 1. Let l be h(1). Suppose l = 5*s - 26. What is the highest common divisor of s and 24?
8
Let q(n) = -4*n + 1. Let x(m) = -m - 8. Let r be x(-6). Let s be q(r). What is the greatest common divisor of 36 and s?
9
Let b be 4/((8/6)/2). Let a(f) = -8 - 5*f**2 + 2*f**3 - 3*f - f**3 + 0*f**3. Let z be a(b). What is the greatest common divisor of z and 110?
10
Let o = -179 - -379. Calculate the greatest common divisor of o and 25.
25
Let a(g) = 4*g + 1. Let i be a(-3). Let x = -3 - i. Suppose 0 = n - x - 4. Calculate the greatest common divisor of 60 and n.
12
Let q(i) = i**2 + 10*i - 9. Let d be q(-7). Let h = d - -75. What is the greatest common divisor of h and 9?
9
Let f be -1 + 1*(-1 - -19). Let n = -65 + 99. Suppose 2*l + 5*y = n, l - 17 = -2*y + 7*y. Calculate the greatest common divisor of l and f.
17
Suppose 10*t - 97 = 323. What is the greatest common factor of 14 and t?
14
Let f be (2 - 5 - 4)*-1. Suppose 0*t + t - 5*z = 7, 5*z = -4*t + 28. Calculate the greatest common factor of t and f.
7
Suppose -z = -0*j + j, 4*j = -5*z + 4. Let n = j + 4. Suppose 0 = -2*r - 3*o + 36, 2*r + 0*o + 4*o - 38 = n. What is the highest common factor of 5 and r?
5
Let c(n) = n**3 + n**2 - 2*n + 45. Let o be c(0). What is the highest common factor of o and 5?
5
Let x(r) = 10*r**2 + r - 1. Let u be x(1). Let f be ((-12)/u)/(3/(-220)). Calculate the greatest common factor of f and 11.
11
Suppose 32 = -4*i + 2*i. Let o = -5 - i. What is the greatest common divisor of o and 22?
11
Let h(y) = -y**2 - 32*y - 52. Let m be h(-24). What is the highest common factor of m and 14?
14
Let k be -11 - (-2 - (-2 + 0)). Let b(h) = -12*h - 15. Let w be b(k). What is the greatest common factor of 13 and w?
13
Let k be 2 - (1/(-4) - 20/(-16)). What is the highest common divisor of 1 and k?
1
Let c(z) = -28*z - 2. Let b be c(-5). Suppose 0 = -i - i + b. Suppose -a + i = -19. What is the highest common divisor of a and 8?
8
Suppose o = -0*o + 2. Suppose 5*d = -5*l + 80, o*l - 4*l = 3*d - 47. Suppose -32*z + 28*z + 20 = 0. Calculate the highest common divisor of d and z.
5
Suppose -3*t + 99 = 18. What is the greatest common divisor of 81 and t?
27
Suppose 3 = -y + 47. What is the greatest common factor of y and 11?
11
Suppose -q - 3*b - 13 = 0, q + 8 = -0*q - 2*b. Suppose q*